*c = 4*u - 36. Let m(n) = -n**2 - 2*n + 1. Let f(v) = -3*v**2 - 7*v. Let j(x) = c*m(x) - f(x). What is j(-6)?
-26
Let p(l) = 3*l**2 - 77*l**2 - 17*l + l**3 + 78*l**2 - 76. What is p(-4)?
-8
Let x be 24/(-16) + 3/(6/(-13)). Let g(c) = -c**2 - 3*c + 35. Give g(x).
-5
Let i(u) be the second derivative of -u**4/12 - 11*u**3/6 - 11*u**2/2 + u. Let z(m) = 442*m - 4872. Let p be z(11). Give i(p).
-1
Suppose 2*w - 4*w = 0. Let i(k) = -2*k**3 - 3*k**2 - 12. Let z(a) = -a**3 - 2*a**2 - 10. Suppose 39*y = 42*y - 9. Let p(d) = y*z(d) - 2*i(d). Give p(w).
-6
Let t(v) be the second derivative of -1/3*v**3 + v**2 - 35*v + 1 + 1/12*v**4. Give t(2).
2
Let d(y) = 15*y - 69. Let r be d(5). Suppose 2*g = -r, -4*x - 2 = -g - 5. Let v(a) = a**2 - a + 7. What is v(x)?
7
Let w = 8923 - 8925. Let i(g) = -g**2 + 3*g + 10. Determine i(w).
0
Let g be 287/4 + 2/16*2. Suppose -6*u - g = -3*u. Let f be u/(-10) + (-12)/30 + -3. Let o(l) = -10*l**3 - 2*l**2 - l. What is o(f)?
9
Suppose 6*o - 2*o + x = 245, o - 2*x = 68. Let r = o + -46. Let y(s) = -28 + 7 - 2*s + r + 3*s**2 - 2*s**2. What is y(4)?
3
Let f(x) = -x**3 + 5*x**2 - 2*x - 3. Let r be (-2)/((-6)/(-3) + 0). Let z be 3 - -4 - (-12)/(r + -2). Give f(z).
9
Suppose -99 = -0*j - 5*j + 2*w, -2*w + 27 = j. Suppose -8*y - j = -53. Let u(t) = 2*t. Determine u(y).
8
Let m(t) be the first derivative of t**3/3 - 13*t**2/2 + 16*t - 5550. What is m(10)?
-14
Let f(x) = x**2 + 2*x + 1. Suppose 0 = 15*t - 17*t - 2. Let d be (-44)/66*(-2 + t) + -4. Determine f(d).
1
Let w(i) = -35*i - 4 - 2 - 56*i**2 + 82*i**2 + 2 + 10*i - i**3. Calculate w(25).
-4
Let k(q) = 68*q - 199. Let b be k(3). Let l(a) = 5*a - a**2 + 0*a**2 - 33 + 29. Determine l(b).
-4
Let u(c) = -10*c + 3. Let d(a) = -a**2 + 32*a - 83. Let n be d(29). Calculate u(n).
-37
Let z be (9/(-6))/(5/10) - 15. Let r be ((-4)/(-8))/((-4)/104). Let j = r - z. Let f(k) = k**2 - 7*k - 7. What is f(j)?
-17
Suppose r - 5*r = 280. Let a = 752 + -683. Let b = a + r. Let j(o) = -o**3 - 2*o**2 - o. What is j(b)?
0
Let w(n) be the first derivative of -145 + 4*n**2 - 10*n - 1/3*n**3. Calculate w(8).
-10
Suppose -3019*z = -3034*z - 255. Let k(p) = p**3 + 18*p**2 + 18*p - 3. What is k(z)?
-20
Let l(z) = -z**2 + 2*z + 4. Let t be ((-3)/(-9))/(3/(-27)). Let q(w) = 2*w + 6. Let h be q(t). Give l(h).
4
Let s(f) be the first derivative of 1/4*f**4 + 0*f - f**2 + 2/3*f**3 + 278. What is s(-4)?
-24
Let r(g) = 5*g**3 + 12*g**2 - 3*g + 13. Let x be r(-3). Let l(n) = -n**2 - 6*n + 7. Give l(x).
12
Let w(b) = -4 + 0 - 2*b + 1. Suppose -9*i = -2*h - 6*i - 2, -60 = 5*h + 20*i. Determine w(h).
5
Let t(x) = 70*x + 279. Let k be t(-4). Let f(u) be the first derivative of 2*u**3 + u**2/2 + u + 6. Give f(k).
6
Let x(q) = 26 - 72 + 33 + 22 - q. Let u(p) = p**2 - 13*p + 12. Let r be u(9). Let s be ((-21)/(-9))/((-8)/r). Calculate x(s).
2
Let o(i) be the second derivative of -2/3*i**4 + 0 + 0*i**3 - 4*i**2 - 1/20*i**5 - 37*i. Suppose 18*w = 17*w - 8. Determine o(w).
-8
Let y(t) = 6*t + 95. Let v be (-296)/16 - (18/(-12) + 0). What is y(v)?
-7
Let m(y) = -8*y. Let l = -108 + 110. Suppose -l*h + 4*z + 80 = -4*h, -5*h - 176 = -2*z. Let b be (-16)/(-56) + h/28. Determine m(b).
8
Let f(z) = -106*z - 70. Let j(n) = 108*n + 6. Let w(x) = -3*f(x) - 2*j(x). Calculate w(-2).
-6
Let l = -6286 + 6270. Let g(w) = -6*w - 100. What is g(l)?
-4
Let z(l) = 8 - 22 + 8*l + 2 - l**2 + 6. Let c(u) = -3*u**3 + 12*u**2 - 7*u + 2. Let v be c(3). What is z(v)?
-6
Let r(o) be the first derivative of 2*o**4 + 2*o**3/3 - o**2 + o - 22. Suppose -3*n = 2*n - 60. Suppose -3*k - n = -15. What is r(k)?
9
Let i(x) = 11*x - 2*x + 3270 - 8*x - 3264. Calculate i(3).
9
Let l(f) = 7*f - 7. Let x(q) = 3*q**2 + 9*q + 1. Let w be x(-3). Let o be l(w). Suppose o = -8*b + 9 + 39. Let u(r) = r**2 - 6*r - 7. Calculate u(b).
-7
Suppose -4*t = 3*f - 36, 3*t + 3*f = 8*f - 2. Let j(r) = 351*r + 28. Let i(u) = -293*u - 23. Let s(n) = -6*i(n) - 5*j(n). Calculate s(t).
16
Suppose 609 = 2*k + i - 530, -k - i + 567 = 0. Let u = k - 566. Let s(j) = -j**3 + 7*j**2 - 3*j + 5. Give s(u).
23
Let m(q) = -2*q**2 - 20*q. Let z be m(-10). Suppose 0 = -16*a - z*a + 96. Let i(p) = -p - 5. What is i(a)?
-11
Let k(o) = 6 + 0*o**3 + 7*o**2 - 2 + o + o**3. Let m = 544 + -536. Suppose 126 = -10*l - m*l. Give k(l).
-3
Let t(x) = -16*x**2 + 16*x - 8. Let h(d) = d**2 - d. Let g(p) = 20*h(p) + t(p). Let r be g(4). Let f(o) = -22 + r - o - 28. Give f(-6).
-4
Let v = -5 - -9. Suppose -1 = v*o + k + 5, -5*o - 4*k = 2. Let f(c) be the first derivative of c**4/4 + 2*c**3/3 + 535. What is f(o)?
0
Suppose 3*j = -j - 2*r + 66, 0 = 5*j - 4*r - 76. Suppose 0 = -2*w + j + 32. Let o(n) = -4 + 2 + 23*n - w*n. Give o(-6).
4
Let u be (50/(-30))/(15/(-9)). Let w(r) = -u - 2*r - 241*r**3 + 2 + 2*r**2 + 224*r**3. Calculate w(1).
-16
Let c(i) = 62*i + i**2 - 5 - 57*i + 4*i**2 - 4*i**2. Let y(f) = -6*f**2 - 22*f + 22. Let d be y(1). Give c(d).
1
Let n(f) = 2*f**2 - 15*f + 10. Let b be n(8). Suppose 5*u - b = 7, -3*u = -2*x - 11. Let v(z) = z**3 + 1 + 3*z**2 + 0*z - 3*z + x + 1. What is v(-3)?
13
Let h(o) = o**3 + 8*o**2 + 3*o - 6. Let t(z) = z**2 + 7*z + 5. Let v be t(-4). Let g be h(v). Let d(n) = 11 - 5*n**2 + 12 - g. Determine d(-1).
-4
Suppose 343*w - 21 = 346*w - i, 0 = 3*w + 4*i - 9. Let j(a) be the second derivative of -a**3/6 - a**2/2 + 2*a. Give j(w).
4
Let l(m) = -m**3 - 5*m**2 - 4*m + 2. Suppose -5 = -v, 2*v - 7 = -4*w + 3*v. Suppose -t = w*n + 13, 0*t - n = 5*t + 23. What is l(t)?
2
Let p(n) = 6*n - 247. Suppose -7*c + 1077 = 783. Calculate p(c).
5
Let h(i) be the first derivative of i**3/3 + 7*i**2/2 - 2*i - 539. Suppose -6*t + 0*t + 30 = 0. Determine h(t).
58
Let s(v) = -v + 10. Let g be s(7). Suppose -4*p + g*w + 0 = -12, 4*p = -w - 4. Let m(a) = -4 + 6 + a + 1 - 2 - a**2. What is m(p)?
1
Let n be (51 - (-107506)/(-2107))*-43. Let l(k) = -2*k**2 + 4*k**2 - 11*k**3 - k**2. Calculate l(n).
-10
Let x(f) = f**2 - 18*f + 1. Let p(m) = 5*m**2 - 79*m + 4. Let v(g) = -2*p(g) + 9*x(g). What is v(-6)?
-11
Let x(r) = r**3 + 4*r**2 - 8*r - 9. Let a(p) = -21 - 6*p - 4 + 6 - 41. Let n be a(-9). Determine x(n).
-33
Let s(q) = -335*q + 175*q - 9 + 169*q - 60. Calculate s(7).
-6
Let f(v) be the third derivative of -v**6/720 + v**5/120 + 13*v**4/6 - 3*v**2 - v. Let t(n) be the second derivative of f(n). Calculate t(4).
-3
Suppose 0 = 12*h - 6*h + 36. Let a(n) be the second derivative of n**3/2 - 7*n**2/2 - 17*n - 2. Calculate a(h).
-25
Let l be (6/14)/((-250)/(-35) + -7). Let j be (-3 - -6 - l)/1. Let z(h) = h - h**3 + 4*h**3 - h**2 - 5 - 2*h**3. Calculate z(j).
-5
Let n(o) = -16*o**2 + 116*o - 24. Let z be n(7). Let r = 11 - 8. Let i(b) = -1 - 2*b**2 + 2*b**3 - 2*b**3 - 4*b - 4*b**r + 5*b**3. Calculate i(z).
15
Let a be 3*(-7 - 42/(-9)) - (-676)/96. Let z(h) be the third derivative of 2/3*h**3 + 2*h**2 - a*h**4 + 0 + 0*h. Give z(-3).
7
Let o(n) = -2*n**2 - 2 + 1 + 1 + 3*n. Let l(z) = z**3 - 13*z**2 + 13*z - 16. Let c be l(12). Let d(j) = 3*j**2 - 3*j. Let s(k) = c*o(k) - 3*d(k). What is s(3)?
-18
Let t be 410/164 - (-123)/6. Let c(w) = w**3 - 22*w**2 - 22*w - 22. Determine c(t).
1
Let r(m) = -4*m**3 + m. Let w(n) = 3*n**2 - 5*n - 13. Let x(h) = -2*h**2 + 2*h + 12. Let l(a) = 3*w(a) + 4*x(a). Let f = -7 + 12. Let b be l(f). Determine r(b).
3
Let r(l) = -24*l + 88*l - 46*l - 25*l + 18. Calculate r(-4).
46
Let v(s) be the second derivative of -7*s**4/12 + s**3/3 - s**2/2 + 2*s + 35. Suppose 4*j - 18 = 74. Suppose c = 3*w + 16, -3*w - w = -3*c + j. Give v(c).
-6
Let h(v) be the first derivative of v**2 + 4*v + 1/4*v**4 + 3 + 2/3*v**3. Let y be 16/(-224)*(0 + 6)*7. What is h(y)?
-11
Let y(k) = k**2 + 6*k - 40. Let z be -103 - -104 - ((-18)/(-2) - -2). Give y(z).
0
Let r(u) = 391*u - 398. Let m be r(1). Let c be ((-5)/3)/((-3)/9). Let w(j) = 2 - 5 + c*j - 3*j - 3*j. Calculate w(m).
4
Let o(z) = 4 + 3 - 2*z - 11*z + 17*z - 5*z. Suppose 53 = 4*r + 33. Calculate o(r).
2
Let o(z) = -z**3 + 19*z**2 - 34*z + 10. Let h be o(17). Let k(b) = 179*b - 82*b - 99*b + h. Let t = 8 - 0. What is k(t)?
-6
Let l(p) = 4*p - 22. Suppose h - 19 = 3*j, 13 = -4*j + 6*j + 3*h. Calculate l(j).
-38
Suppose -2181*z - 27 = -2182*z. Let h(g) = -g**3 + 26*g**2 + 34*g - 186. What is h(z)?
3
Let o be 1 + 1 + ((-42)/(-33))/(9/(-99)). Let n(l) = 